{"id":2373,"date":"2026-03-13T13:56:04","date_gmt":"2026-03-13T11:56:04","guid":{"rendered":"https:\/\/great-shtern.46-30-124-30.plesk.page\/?page_id=2373"},"modified":"2026-05-05T11:59:52","modified_gmt":"2026-05-05T09:59:52","slug":"i-form-efter-foedsel","status":"publish","type":"page","link":"https:\/\/great-shtern.46-30-124-30.plesk.page\/?page_id=2373","title":{"rendered":"I form efter f\u00f8dsel"},"content":{"rendered":"<p data-start=\"0\" data-end=\"66\">Leder du efter tr\u00e6ning, der hj\u00e6lper dig godt i gang efter f\u00f8dslen?<\/p>\n<p data-start=\"68\" data-end=\"264\">Hos TIK Gymnastik tilbyder vi hold, hvor du tr\u00e6ner din krop tilbage i form \u2013 og har din baby med. Vi arbejder med styrke, stabilitet og sk\u00e5nsom genopbygning, s\u00e5 du f\u00e5r en tryg start efter f\u00f8dslen. Samtidig inddrager vi din baby i \u00f8velserne, s\u00e5 motorik og sanser bliver stimuleret gennem leg og n\u00e6rv\u00e6r.<\/p>\n<p data-start=\"372\" data-end=\"445\">Vores dygtige instrukt\u00f8r, der ogs\u00e5 er jordemor, guider dig hele vejen og tilpasser \u00f8velserne til dit niveau.<\/p>\n<p><script type=\"text\/javascript\" src=\"https:\/\/www.conventus.dk\/dataudv\/www\/holdoversigt_ny.php?foreningsid=8905&#038;afdelingsid=35479&#038;handelsbetingelser=1&#038;reservationer=vis&#038;skjul_nyt_medlem=0&#038;skjul_allerede_medlem=0&#038;raekkefoelge=alfabetisk&#038;vis_adresse=0&#038;knap_placering=horisontal&#038;highlight=pris&#038;start=periode;ledige_pladser&#038;info=tid_sted;alder;betaling;tilmelding;tilmeld_aabner_om;ledere;om_holdet&#038;sprog=auto\"><\/script><\/p>\n","protected":false},"excerpt":{"rendered":"<p>Leder du efter tr\u00e6ning, der hj\u00e6lper dig godt i gang efter f\u00f8dslen? Hos TIK Gymnastik tilbyder vi hold, hvor du tr\u00e6ner din krop tilbage i form \u2013 og har din baby med. Vi arbejder med styrke, stabilitet og sk\u00e5nsom genopbygning, s\u00e5 du f\u00e5r en tryg start efter f\u00f8dslen. Samtidig inddrager vi din baby i \u00f8velserne, [&hellip;]<\/p>\n","protected":false},"author":4,"featured_media":2437,"parent":398,"menu_order":0,"comment_status":"closed","ping_status":"closed","template":"","meta":{"_et_pb_use_builder":"","_et_pb_old_content":"","_et_gb_content_width":"","footnotes":""},"class_list":["post-2373","page","type-page","status-publish","has-post-thumbnail","hentry"],"_links":{"self":[{"href":"https:\/\/great-shtern.46-30-124-30.plesk.page\/index.php?rest_route=\/wp\/v2\/pages\/2373","targetHints":{"allow":["GET"]}}],"collection":[{"href":"https:\/\/great-shtern.46-30-124-30.plesk.page\/index.php?rest_route=\/wp\/v2\/pages"}],"about":[{"href":"https:\/\/great-shtern.46-30-124-30.plesk.page\/index.php?rest_route=\/wp\/v2\/types\/page"}],"author":[{"embeddable":true,"href":"https:\/\/great-shtern.46-30-124-30.plesk.page\/index.php?rest_route=\/wp\/v2\/users\/4"}],"replies":[{"embeddable":true,"href":"https:\/\/great-shtern.46-30-124-30.plesk.page\/index.php?rest_route=%2Fwp%2Fv2%2Fcomments&post=2373"}],"version-history":[{"count":3,"href":"https:\/\/great-shtern.46-30-124-30.plesk.page\/index.php?rest_route=\/wp\/v2\/pages\/2373\/revisions"}],"predecessor-version":[{"id":2598,"href":"https:\/\/great-shtern.46-30-124-30.plesk.page\/index.php?rest_route=\/wp\/v2\/pages\/2373\/revisions\/2598"}],"up":[{"embeddable":true,"href":"https:\/\/great-shtern.46-30-124-30.plesk.page\/index.php?rest_route=\/wp\/v2\/pages\/398"}],"wp:featuredmedia":[{"embeddable":true,"href":"https:\/\/great-shtern.46-30-124-30.plesk.page\/index.php?rest_route=\/wp\/v2\/media\/2437"}],"wp:attachment":[{"href":"https:\/\/great-shtern.46-30-124-30.plesk.page\/index.php?rest_route=%2Fwp%2Fv2%2Fmedia&parent=2373"}],"curies":[{"name":"wp","href":"https:\/\/api.w.org\/{rel}","templated":true}]}}