{"id":242,"date":"2023-09-23T19:49:53","date_gmt":"2023-09-23T17:49:53","guid":{"rendered":"https:\/\/great-shtern.46-30-124-30.plesk.page\/?page_id=242"},"modified":"2026-05-05T14:17:37","modified_gmt":"2026-05-05T12:17:37","slug":"kontakt","status":"publish","type":"page","link":"https:\/\/great-shtern.46-30-124-30.plesk.page\/?page_id=242","title":{"rendered":"Kontakt"},"content":{"rendered":"<p>Hvis du har sp\u00f8rgsm\u00e5l eller kommentarer s\u00e5 send os en mail p\u00e5\u00a0<a href=\"mailto:kontakt@tik-gymnastik.dk\">kontakt@tik-gymnastik.dk<\/a><\/p>\n<p>Vi tr\u00e6ner f\u00f8lgende steder:<\/p>\n<p><strong>TIC &#8211; Taastrup Idr\u00e6tscenter<\/strong><br \/>\nParkvej 78<br \/>\n2630 Taastrup<\/p>\n<p><strong>Parkskolen<\/strong><br \/>\nParkvej 76<br \/>\n2630 Taastrup<br \/>\nIndgang fra R\u00f8dk\u00e6lkevej<\/p>\n<p><strong>Springcenter N\u00e6rHeden<\/strong><br \/>\nSejlbjerg All\u00e9<br \/>\n2640 Hedehusene<\/p>\n<p><strong>Borgerskolen<\/strong><br \/>\nMagdav\u00e6nget 4, 2630 Taastrup<br \/>\n(indgang via p-pladsen lige efter<br \/>\nMagdav\u00e6nget)<\/p>\n<p><strong>M\u00f8lleholmskolen<\/strong><br \/>\nM\u00f8lleholmen 20<br \/>\n2630 Taastrup<\/p>\n<p><img decoding=\"async\" class=\"alignnone wp-image-2652\" src=\"https:\/\/great-shtern.46-30-124-30.plesk.page\/wp-content\/uploads\/2026\/05\/12-300x149.png\" alt=\"\" width=\"665\" height=\"330\" \/><\/p>\n","protected":false},"excerpt":{"rendered":"<p>Hvis du har sp\u00f8rgsm\u00e5l eller kommentarer s\u00e5 send os en mail p\u00e5\u00a0kontakt@tik-gymnastik.dk Vi tr\u00e6ner f\u00f8lgende steder: TIC &#8211; Taastrup Idr\u00e6tscenter Parkvej 78 2630 Taastrup Parkskolen Parkvej 76 2630 Taastrup Indgang fra R\u00f8dk\u00e6lkevej Springcenter N\u00e6rHeden Sejlbjerg All\u00e9 2640 Hedehusene Borgerskolen Magdav\u00e6nget 4, 2630 Taastrup (indgang via p-pladsen lige efter Magdav\u00e6nget) M\u00f8lleholmskolen M\u00f8lleholmen 20 2630 Taastrup<\/p>\n","protected":false},"author":4,"featured_media":2611,"parent":0,"menu_order":3,"comment_status":"closed","ping_status":"closed","template":"","meta":{"_et_pb_use_builder":"","_et_pb_old_content":"","_et_gb_content_width":"","footnotes":""},"class_list":["post-242","page","type-page","status-publish","has-post-thumbnail","hentry"],"_links":{"self":[{"href":"https:\/\/great-shtern.46-30-124-30.plesk.page\/index.php?rest_route=\/wp\/v2\/pages\/242","targetHints":{"allow":["GET"]}}],"collection":[{"href":"https:\/\/great-shtern.46-30-124-30.plesk.page\/index.php?rest_route=\/wp\/v2\/pages"}],"about":[{"href":"https:\/\/great-shtern.46-30-124-30.plesk.page\/index.php?rest_route=\/wp\/v2\/types\/page"}],"author":[{"embeddable":true,"href":"https:\/\/great-shtern.46-30-124-30.plesk.page\/index.php?rest_route=\/wp\/v2\/users\/4"}],"replies":[{"embeddable":true,"href":"https:\/\/great-shtern.46-30-124-30.plesk.page\/index.php?rest_route=%2Fwp%2Fv2%2Fcomments&post=242"}],"version-history":[{"count":6,"href":"https:\/\/great-shtern.46-30-124-30.plesk.page\/index.php?rest_route=\/wp\/v2\/pages\/242\/revisions"}],"predecessor-version":[{"id":2658,"href":"https:\/\/great-shtern.46-30-124-30.plesk.page\/index.php?rest_route=\/wp\/v2\/pages\/242\/revisions\/2658"}],"wp:featuredmedia":[{"embeddable":true,"href":"https:\/\/great-shtern.46-30-124-30.plesk.page\/index.php?rest_route=\/wp\/v2\/media\/2611"}],"wp:attachment":[{"href":"https:\/\/great-shtern.46-30-124-30.plesk.page\/index.php?rest_route=%2Fwp%2Fv2%2Fmedia&parent=242"}],"curies":[{"name":"wp","href":"https:\/\/api.w.org\/{rel}","templated":true}]}}